 is divided by 450?
445
What is the remainder when 68713 is divided by 679?
134
What is the remainder when 21763 is divided by 7250?
13
Calculate the remainder when 3364 is divided by 177.
1
Calculate the remainder when 412488 is divided by 13.
11
What is the remainder when 9000 is divided by 391?
7
What is the remainder when 5915 is divided by 1476?
11
Calculate the remainder when 2968 is divided by 200.
168
What is the remainder when 999369 is divided by 134?
131
What is the remainder when 59342 is divided by 325?
192
Calculate the remainder when 36912 is divided by 1754.
78
What is the remainder when 695 is divided by 96?
23
Calculate the remainder when 184137 is divided by 60.
57
What is the remainder when 63119 is divided by 79?
77
What is the remainder when 156467 is divided by 52?
51
What is the remainder when 19125 is divided by 3102?
513
Calculate the remainder when 1092 is divided by 43.
17
Calculate the remainder when 417985 is divided by 166.
163
Calculate the remainder when 185183 is divided by 35.
33
Calculate the remainder when 183469 is divided by 15.
4
What is the remainder when 25845 is divided by 22?
17
Calculate the remainder when 37847 is divided by 249.
248
What is the remainder when 358191 is divided by 995?
986
What is the remainder when 331166 is divided by 1162?
1158
What is the remainder when 3959 is divided by 518?
333
Calculate the remainder when 268 is divided by 89.
1
Calculate the remainder when 545 is divided by 192.
161
What is the remainder when 2025164 is divided by 73?
71
What is the remainder when 11070 is divided by 177?
96
What is the remainder when 4553 is divided by 123?
2
Calculate the remainder when 154493 is divided by 64.
61
Calculate the remainder when 7699 is divided by 112.
83
What is the remainder when 6108 is divided by 1049?
863
What is the remainder when 101832 is divided by 96?
72
Calculate the remainder when 14335 is divided by 448.
447
What is the remainder when 261 is divided by 84?
9
What is the remainder when 134426 is divided by 12220?
6
What is the remainder when 12240 is divided by 155?
150
What is the remainder when 6965 is divided by 15?
5
Calculate the remainder when 624529 is divided by 172.
169
What is the remainder when 211 is divided by 29?
8
Calculate the remainder when 19293 is divided by 117.
105
What is the remainder when 24233 is divided by 637?
27
Calculate the remainder when 150626 is divided by 113.
110
What is the remainder when 2496 is divided by 78?
0
Calculate the remainder when 3109 is divided by 80.
69
Calculate the remainder when 28792 is divided by 28743.
49
Calculate the remainder when 378098 is divided by 33.
17
What is the remainder when 508 is divided by 15?
13
Calculate the remainder when 2679 is divided by 186.
75
What is the remainder when 166997 is divided by 166994?
3
Calculate the remainder when 428668 is divided by 17.
13
Calculate the remainder when 110045 is divided by 406.
19
Calculate the remainder when 1315 is divided by 326.
11
What is the remainder when 2064 is divided by 144?
48
Calculate the remainder when 28814 is divided by 9487.
353
What is the remainder when 6258 is divided by 347?
12
Calculate the remainder when 78614 is divided by 1021.
1018
Calculate the remainder when 5279 is divided by 5271.
8
Calculate the remainder when 181466 is divided by 14.
12
What is the remainder when 2877 is divided by 2185?
692
Calculate the remainder when 158451 is divided by 1116.
1095
What is the remainder when 17889 is divided by 30?
9
Calculate the remainder when 99217 is divided by 205.
202
What is the remainder when 4440 is divided by 423?
210
What is the remainder when 10243 is divided by 52?
51
What is the remainder when 1060 is divided by 220?
180
What is the remainder when 201370 is divided by 40263?
55
Calculate the remainder when 395516 is divided by 103.
99
What is the remainder when 1337 is divided by 273?
245
What is the remainder when 72048 is divided by 73?
70
What is the remainder when 1486 is divided by 675?
136
Calculate the remainder when 558094 is divided by 48.
46
What is the remainder when 4389747 is divided by 15?
12
What is the remainder when 261629 is divided by 16351?
13
What is the remainder when 24087 is divided by 2?
1
Calculate the remainder when 4004 is divided by 30.
14
Calculate the remainder when 8646 is divided by 50.
46
What is the remainder when 5253 is divided by 656?
5
What is the remainder when 7127 is divided by 88?
87
Calculate the remainder when 3080 is divided by 134.
132
What is the remainder when 65035 is divided by 1757?
26
Calculate the remainder when 25926 is divided by 5182.
16
Calculate the remainder when 1690 is divided by 42.
10
Calculate the remainder when 28380 is divided by 567.
30
Calculate the remainder when 110587 is divided by 9214.
19
Calculate the remainder when 3371 is divided by 16.
11
What is the remainder when 852761 is divided by 22?
19
What is the remainder when 120004 is divided by 5712?
52
What is the remainder when 48088 is divided by 123?
118
What is the remainder when 1076448 is divided by 215287?
13
What is the remainder when 554582 is divided by 61619?
11
What is the remainder when 551733 is divided by 183?
171
Calculate the remainder when 3578 is divided by 483.
197
What is the remainder when 15924 is divided by 833?
97
What is the remainder when 10931 is divided by 338?
115
Calculate the remainder when 210 is divided by 11.
1
What is the remainder when 16149 is divided by 1345?
9
Calculate the remainder when 1454 is divided by 188.
138
Calculate the remainder when 10912 is divided by 120.
112
What is the remainder when 2023 is divided by 1970?
53
What is the remainder when 4586 is divided by 206?
54
Calculate the remainder when 25427 is divided by 74.
45
What is the remainder when 3487 is divided by 1?
0
Calculate the remainder when 784 is divided by 45.
19
Calculate the remainder when 179000 is divided by 2325.
2300
Calculate the remainder when 23182 is divided by 6.
4
What is the remainder when 99455 is divided by 444?
443
What is the remainder when 576235 is divided by 599?
596
What is the remainder when 702 is divided by 310?
82
What is the remainder when 85824 is divided by 2319?
21
Calculate the remainder when 1486 is divided by 672.
142
What is the remainder when 298619 is divided by 378?
377
Calculate the remainder when 146002 is divided by 22.
10
Calculate the remainder when 491 is divided by 104.
75
What is the remainder when 16086 is divided by 283?
238
Calculate the remainder when 181950 is divided by 543.
45
What is the remainder when 93212 is divided by 5178?
8
Calculate the remainder when 16300 is divided by 604.
596
Calculate the remainder when 53132 is divided by 81.
77
Calculate the remainder when 180554 is divided by 148.
142
Calculate the remainder when 1139 is divided by 21.
5
Calculate the remainder when 17241 is divided by 17230.
11
Calculate the remainder when 7137 is divided by 138.
99
What is the remainder when 7060 is divided by 116?
100
Calculate the remainder when 13593 is divided by 46.
23
What is the remainder when 2934 is divided by 16?
6
What is the remainder when 122973 is divided by 21?
18
What is the remainder when 441407 is divided by 147134?
5
What is the remainder when 39337 is divided by 115?
7
Calculate the remainder when 623619 is divided by 70.
59
What is the remainder when 12050 is divided by 137?
131
Calculate the remainder when 15812 is divided by 7878.
56
Calculate the remainder when 339598 is divided by 39.
25
What is the remainder when 1919 is divided by 30?
29
Calculate the remainder when 3295 is divided by 1011.
262
What is the remainder when 3643 is divided by 3613?
30
What is the remainder when 52438 is divided by 26199?
40
What is the remainder when 27 is divided by 3?
0
What is the remainder when 225419 is divided by 268?
31
What is the remainder when 531 is divided by 103?
16
Calculate the remainder when 22164 is divided by 7.
2
What is the remainder when 815 is divided by 26?
9
What is the remainder when 4309 is divided by 38?
15
Calculate the remainder when 330565 is divided by 10663.
12
What is the remainder when 236 is divided by 174?
62
What is the remainder when 10220 is divided by 4660?
900
What is the remaind